 of h(0)?
7
Suppose 4*m + 2*z = 382, 7*m - 5*m = -2*z + 188. Suppose 9250 = m*j - 87*j. What is the hundreds digit of j?
9
Let y = -422 - -7541. What is the tens digit of y?
1
Let d = 238 + -236. What is the units digit of 330/d - 4/(5 - 7)?
7
Let a be ((-230)/184)/(((-2)/(-16))/(-1)). Let s(r) = 14*r + 23 + 0 - r. What is the hundreds digit of s(a)?
1
Let c(x) = -x**3 + x + 1. Let q(n) = -2*n**3 - 9*n**2 + 29*n + 25. Let v(u) = -3*c(u) + q(u). What is the units digit of v(10)?
2
Suppose 0 = -5*n - 28 + 3. Let y be -22 - -1*(-12)/(-8)*(0 - 2). Let x = n - y. What is the units digit of x?
0
Let w(f) = -35*f**3 - 2*f - 1. Let u be w(-1). Let n be (7 - 8/10) + (-18)/15. Suppose n*z - u = 334. What is the tens digit of z?
7
Let y be ((20/(-6))/10)/((-2)/12). Suppose y*x = 10, -5*w - x + 530 = x. What is the units digit of w?
4
Let h(r) = 2314*r + 9. What is the ten thousands digit of h(7)?
1
Let t be 3/2*9724/39. Let g = t + -94. What is the units digit of g/(-12)*3/(-2)?
5
Suppose -5*w = 5*c - 30, -5*c + 15*w = 10*w - 10. Suppose 10 = -3*r + f + 269, -c*r + 5*f + 360 = 0. What is the units digit of r?
5
Suppose -4 = -11*c + 9*c. Let w be -11 + (c + 0)/(-2). What is the units digit of 88 + 3/(-1)*(-4)/w?
7
Suppose -2*a - 3*x + 181 = 0, -3*a - 4*x = x - 269. Suppose -6*q = -610 - a. What is the tens digit of q?
1
Let y(m) = -14*m + 69. Let n be y(4). Suppose -n*j + 696 = -643. What is the tens digit of j?
0
Suppose -17567 = -2*u + o + 3541, 3*u - 2*o = 31663. What is the hundreds digit of u?
5
Let t(d) = -d**2 - 7*d + 1. Let v be t(-6). Suppose v*w - 15295 = -12*w. What is the units digit of w?
5
Let i = 7865 - 3637. What is the units digit of i?
8
Let m(u) = -19*u - 38. Let z be m(-2). What is the units digit of (z - 835)*(-5)/25?
7
Suppose 3111 = q - 3*t - 4715, 5*q - 4*t - 39174 = 0. What is the tens digit of q?
3
Suppose -17*y = -87485 - 28030 + 20910. What is the tens digit of y?
6
Let v be (-1)/(-1)*(-759 + 4). Let g = v + 779. What is the tens digit of g?
2
Let n = 179 - 179. Suppose n = -17*x + 13*x + 32. What is the units digit of x?
8
Let h = 0 - 5. Let f be 32/20 + 1 + 3/h. Suppose f*x + 56 = k - 68, -5*x - 25 = 0. What is the hundreds digit of k?
1
Suppose 3*q - 2*q = 235. Let a = -2516 + 2908. Let n = a - q. What is the tens digit of n?
5
Let g be 330/60 + 3/6. What is the units digit of (234 - (g - 15)) + -7?
6
Let i = 521 - 515. Let k(q) = 100*q + 31. What is the hundreds digit of k(i)?
6
Let g be (-2528)/(-96)*(0 + 9). What is the tens digit of (3*10/45)/(1/g)?
5
Let v(l) = -7296*l - 6429. What is the tens digit of v(-9)?
3
Let i be (-65877)/(-17) + 28/(-238). Suppose -14*c + 14263 - i = 0. What is the units digit of c?
2
Let w(f) = 2372*f + 8677. What is the hundreds digit of w(5)?
5
Suppose 0 = 3*l - 5*l + 6. Suppose 169 + 1583 = l*p. Suppose -4*o + 1792 = p. What is the hundreds digit of o?
3
Let k be (0 + (-4)/(-9))/(26/117). Suppose 2*y + 964 = k*a, -3*a + 567 = 4*y - 879. What is the units digit of a?
2
Let t = 6320 - 5225. What is the units digit of t?
5
Let m(u) = 5*u**2 + 4*u - 12. Let z(k) = -k**2 + k. Let h(a) = -m(a) - 6*z(a). Let i = 451 - 440. What is the units digit of h(i)?
3
Suppose -x + 624 + 579 = 0. Let m = x + -590. What is the tens digit of m?
1
What is the thousands digit of (-4 - 35/(-10)) + 1062546/12 + -6?
8
Suppose -26*h + 90 = -31*h. Let v be ((-22)/6)/(6/h). Suppose -7*g = -v*g + 184. What is the units digit of g?
6
Let l = 27071 + -6747. What is the hundreds digit of l?
3
What is the hundreds digit of -17287*(240/(-225) + 2/30)?
2
Let u be 2/4 + (-196)/8. Let a = -20 - u. Suppose n - 5*o - 138 = 0, -a*n - 3*o = -364 - 73. What is the hundreds digit of n?
1
Let s be -3 + (4 + -3)*3. Let w be (-1 - s - 2)/((-7)/21). What is the tens digit of 3/w*3 + 67 + 2?
7
Suppose 3*n - 16*n - 39 = 0. What is the units digit of n - 525/(-3) - -5?
7
Let a(z) = -298*z + 1744. What is the units digit of a(-28)?
8
Let h(v) = 1025*v**2 - 480*v - 15. What is the ten thousands digit of h(-8)?
6
Suppose -15*f + 52*f - 550004 = 23*f. What is the tens digit of f?
8
Let n(j) = -j**3 + 10*j**2 + 14*j - 8. Let v(k) = k**3 - 11*k**2 - 13*k + 7. Let t = 70 - 73. Let z(q) = t*n(q) - 2*v(q). What is the tens digit of z(10)?
5
Let g = -4223 + 10822. What is the tens digit of (-14)/63 + g/9?
3
Let q(k) = 2*k**3 + 50*k**2 + 2*k + 23. What is the thousands digit of q(-20)?
3
Let v = 33 - 24. Let c(r) = -4 - 7*r + v*r + 8*r + 3*r - r**2. What is the units digit of c(7)?
8
Suppose q = 5*q + 24. Let s = q - -10. Suppose s*h + 2*h = 12. What is the units digit of h?
2
Suppose -5*c + 8*c = -15*c + 158418. What is the thousands digit of c?
8
Suppose 4*u = -5*i + 10, 5*u + 19 = -3*i + 2*i. Let x be (3/i)/(2/20). Suppose 7 = l - 2*z, x*l = -0*z + 5*z + 40. What is the units digit of l?
9
Let a be (38/(-21))/(-2) - (-74)/777. What is the tens digit of a + 2 - 15*-62?
3
Let n = -860 - -912. Suppose n = -3*f + 61, -2*y + 691 = -f. What is the hundreds digit of y?
3
Suppose -17*r + 101705 + 2590 = -37978. What is the tens digit of r?
6
Let d be -1*(-2)/(-4) + (-124785)/(-30). Suppose 15*i - 5126 = d. What is the units digit of i?
9
Suppose -110*j + 980678 = -1008672. What is the units digit of j?
5
Let d be (-8)/76 + 9238/38. Let s = d + 104. What is the hundreds digit of s?
3
Let c(u) = u**2 + u - 22. Let h be c(-5). What is the units digit of (4 - (2 + h)) + 1704/4?
0
Let z(i) = 4*i**2 + 77*i + 43. Suppose 0 = -3*k - 53*k + 616. What is the thousands digit of z(k)?
1
Let v be ((10210/(-3))/5)/(8/12). Let c = -443 - v. What is the hundreds digit of c?
5
Suppose 3*c - 7*j + 5*j + 13 = 0, 5 = -2*c + 5*j. What is the tens digit of (-1513)/c - (-78)/195?
0
Let x(s) = -s**3 - 5*s**2 + 8*s + 15. Let i be x(-6). Suppose -3*f - 7*w + 8*w + 2731 = 0, i*w = -2*f + 1817. What is the tens digit of f?
1
Let p = -605 + 1. Let v = p + 621. What is the tens digit of v?
1
Suppose 0 = n + 16*n - 58123. What is the thousands digit of n?
3
Let i(r) = 13*r**2 - 2*r - 12. Let t(p) = 7*p**2 - 2*p + 4. Let o be t(1). What is the units digit of i(o)?
3
What is the tens digit of -3*(81732/(-36) - -12)?
7
Suppose -9*p + 10*p = 3*k - 361, -3*k = p - 353. Suppose 0 = -3*t + o + k, -8*o + 9*o = t - 43. What is the units digit of t?
8
What is the thousands digit of ((-476)/(-1071))/(((-16)/(-105588))/2)?
5
Let d be ((-54)/4)/(51/(-476)). What is the hundreds digit of 176 - (d/7)/(-3)?
1
Let m(j) = 7*j**2 - 6*j + 42. Let v be m(-8). Suppose -2230 = -9*f - v. What is the tens digit of f?
8
Let z = -494 + 524. Suppose z*h - 2314 = 27776. What is the units digit of h?
3
Let n(u) = -u**3 + 13*u**2 - 37*u + 4. Let d be n(9). What is the tens digit of 3620/4 - (10 + d)?
0
Let q = 1284 - 671. Let k = -323 + q. What is the units digit of k?
0
Let q(b) = -b**3 - 2*b**2 - 9*b + 8. Let s(h) = h**3 + h**2 + 9*h - 11. Let v(j) = 5*q(j) + 4*s(j). What is the units digit of v(-6)?
0
Suppose -23 + 21 = -q. Suppose 71 = 4*t - 37. Suppose -g = q - t. What is the units digit of g?
5
Let r(n) = 182*n**3 - n**2 + 2*n - 1. Let u(m) = m**3 - 1. Let s(k) = r(k) + u(k). Let f = -39 - -40. What is the units digit of s(f)?
2
Suppose 65 = 2*i + 11. Let f(j) = j**3 - 13*j**2 - 49*j + 4. Let n be f(16). Let x = i + n. What is the tens digit of x?
1
What is the units digit of -8 + 88725/(-14)*-2?
7
Let g(x) = -4*x**3 - x**2 - 9*x - 4. Let l(a) = 5*a**3 + 11*a + 3. Let b(r) = 4*g(r) + 3*l(r). Let y be b(-4). What is the hundreds digit of (-2)/y + 1644/10?
1
Let f be (2/(-3))/((-4)/(-24)). Let c be (6/f)/(3/(-8)). Suppose 2*x + c*b = 36, 3*x + 0*b - 27 = 3*b. What is the units digit of x?
2
Suppose -8548 + 8875 = -2*p + 22009. What is the thousands digit of p?
0
Let z be 257/(-1) + (1 - 3). Let w = z + 464. Suppose 1202 + w = 7*x. What is the hundreds digit of x?
2
Suppose 479 + 37 = 43*k. Suppose 4*x = g + 2887, k*g = 13*g + 3. What is the hundreds digit of x?
7
Let a = -127 + 138. Let l(s) be the third derivative of -s**6/60 + 2*s**5/5 - s**4/3 - 2*s**3 - 4*s**2. What is the units digit of l(a)?
2
Let c(n) = 1249*n - 61. What is the tens digit of c(6)?
3
Let j(b) = 3*b**2 - 86*b + 17. What is the tens digit of j(-17)?
4
Suppose 0 = 49*v + 4460 + 15875. What is the units digit of 5 - (v + 18/9)?
8
Suppose 0 